) = -16*o. Let j be c(-3). What is the highest common divisor of g and j?
12
Let d = 7 + -1. Calculate the highest common divisor of 54 and d.
6
Let k = 70 + -35. Calculate the highest common divisor of k and 35.
35
Suppose 69 = 3*u - 4*y, -u - 4*y = -2*y - 13. Calculate the highest common divisor of u and 209.
19
Suppose 0 = -4*r - 4, j = -3*r - 0 + 13. Suppose -3*a - 12 = 0, 500 = 5*s + a - 6*a. What is the highest common factor of j and s?
16
Let i(u) = u**2 + 4*u + 4. Let o be i(-5). What is the highest common factor of 72 and o?
9
Let h be (-7 + (-125)/(-15))*30/4. What is the greatest common divisor of h and 4?
2
Let o(m) = -523*m - 1. Let u be o(-2). Suppose u - 149 = 4*t. What is the highest common divisor of t and 28?
28
Suppose 35*k - 3854 = -1054. Let d = -20 + 30. What is the highest common divisor of k and d?
10
Let v(r) = -6*r - 41. Let u be v(-16). Calculate the highest common divisor of u and 11.
11
Let x be (27 - 0)*(-28)/(-6). Suppose u = 5*b - 250, 3*b - x = -u + 16. What is the greatest common factor of b and 7?
7
Let i = 24 - 10. Calculate the greatest common divisor of i and 42.
14
Suppose 1 = y - 7. Suppose 0*d + 4*d = y. Suppose -d*p + 39 + 87 = 0. What is the greatest common divisor of p and 9?
9
Suppose 0 = -3*n + 5*x - 74 + 189, -4*n + x + 176 = 0. Let m = n - 17. What is the highest common factor of 7 and m?
7
Suppose -7*k + 180 = 3*k. Calculate the greatest common divisor of 72 and k.
18
Suppose 0 = -4*m - n - n + 48, -2*n = 0. Calculate the highest common divisor of m and 78.
6
Let g(h) = 4*h + 4. Let i be g(6). Let d = i - 18. What is the highest common factor of d and 25?
5
Suppose 4*c = 3*c - 9. Let l(f) = -2*f. Let p be l(c). Calculate the greatest common divisor of 54 and p.
18
Let j be 12/(-1 - 6/(-5)). Suppose -j - 8 = -4*b. Suppose 2*i - u = 3*i - 155, 761 = 5*i - 2*u. Calculate the greatest common factor of i and b.
17
Let j(r) = 14*r - 49. Let h be j(13). Calculate the greatest common factor of h and 19.
19
Let p(o) = -4*o - 1. Let y be p(-1). Let s(n) = n**3 + 3*n**2 - 2*n + 4. Let i be s(y). Let w be 3/(-2)*i/(-3). Calculate the highest common factor of 13 and w.
13
Suppose 0 = -v - 3*v - b - 472, -4*v = 2*b + 468. Let z be 2/(-3) + v/(-21). Calculate the highest common factor of 10 and z.
5
Suppose 3*q - 43 = -4*x, x = 3*q + 20 - 88. Let b = 185 + -171. Calculate the greatest common factor of b and q.
7
Suppose -18 - 17 = -s - 5*n, -s = n - 15. Calculate the greatest common factor of s and 90.
10
Let w(h) = 24*h**2 + 4*h - 2. Let o be w(1). Calculate the highest common factor of o and 39.
13
Suppose p + 2 + 2 = z, z - 3*p + 2 = 0. Calculate the greatest common divisor of 175 and z.
7
Let x(o) = 2*o + 85. Let y be x(30). Let h = -66 - -95. What is the highest common divisor of y and h?
29
Suppose 8*h - 3542 + 1254 = 0. What is the greatest common divisor of h and 26?
26
Let d be 2/4*(-1 + 9). What is the greatest common divisor of d and 64?
4
Suppose 2*n + 5*l = -7, 0*n - l = 4*n + 23. Let z = 15 - n. What is the greatest common factor of 21 and z?
21
Let h = -4 + 4. Suppose q = -3*q. Suppose z - 2*n - 25 = q, h*z + 3*z - 66 = 3*n. What is the highest common divisor of z and 19?
19
Let x be (-6)/4*(-256)/24. Let d(l) = -47*l + 1. Let z be d(-1). Calculate the highest common factor of x and z.
16
Suppose -5*d + 45 = -45. Calculate the highest common divisor of 45 and d.
9
Let z(o) = 12*o. Suppose 3*h = 5*h - 10. Let d be z(h). Suppose -b - 3*b = -d. What is the greatest common divisor of 120 and b?
15
Let t(n) = -4*n - 4. Let u be t(-3). Suppose -3*p = -4*c + 33, -5*p - 3 = 5*c - 3*c. Suppose -2*k + c = -u. What is the highest common factor of 63 and k?
7
Let z(c) = c**3 + 2*c**2 - 3*c + 4. Suppose -2 = -4*i - 14. Let q be z(i). What is the highest common divisor of q and 32?
4
Let r = -11 + 27. Let h be (-4 - -1)/(6/(-64)). What is the highest common divisor of r and h?
16
Suppose -2*w + 49 = -3. Suppose 126 = 2*d + w. What is the greatest common divisor of d and 125?
25
Let y(u) = -u**3 + 19*u**2 + 16. Let x be y(19). Calculate the greatest common divisor of 88 and x.
8
Let f(a) = 4*a**2 - a + 2. Let c(v) = 7*v**2 - 3*v + 3. Let h(d) = 3*c(d) - 5*f(d). Let w be h(-5). What is the highest common divisor of 4 and w?
4
Suppose 4 = -2*b, 4*t = -3*b + 8 - 2. Calculate the greatest common divisor of 24 and t.
3
Suppose -3*a = 2*g - 58, 2*a - g = 3*g + 28. Let l(b) = -9 + 5*b**2 - 6*b**2 + 9*b + 3. Let d be l(8). What is the greatest common divisor of a and d?
2
Suppose -5 = -q + 3. Suppose 2 = 27*k - 26*k. Calculate the greatest common factor of q and k.
2
Suppose -15 + 6 = 3*j. Let b(h) = -h + 1. Let t(u) = u**3 + u**2 - 8*u. Let a(o) = 3*b(o) - t(o). Let i be a(j). What is the highest common divisor of i and 18?
6
Let u be (70/(-8))/(4/(-16)). What is the greatest common factor of 5 and u?
5
Let r(o) = 8*o + 9. Let s = 9 + -4. Let z(d) = 12*d + 14. Let h(n) = s*z(n) - 8*r(n). Let g be h(-2). Calculate the greatest common divisor of g and 2.
2
Let p be (-25)/(-75) + (-34)/(-6). What is the highest common divisor of 6 and p?
6
Let a be (-6)/5*(-5)/2. Suppose 5*i + 4*k + k = 205, 4*i - 178 = a*k. Let x = -23 + i. What is the greatest common factor of 50 and x?
10
Let v(z) = -8*z + 7. Let n be v(-4). What is the highest common factor of 26 and n?
13
Let i be (-4)/(2 + -3 + 2). Let l = 0 - i. Suppose 4*r + 27 = 5*j + 7, -2*r = 3*j - 34. What is the greatest common divisor of j and l?
4
Suppose 5*i - 50 = -3*p, -5*p - 3*i + 22 = -56. Suppose 2*o + 0*j - 2*j = 18, 10 = -2*o - 5*j. Calculate the greatest common divisor of o and p.
5
Let v = 21 - 12. Let a(d) = d**3 + 8*d**2 + 7*d - 2. Let x be a(-7). Let r = x + 3. Calculate the greatest common factor of r and v.
1
Let o = -4 - -8. Suppose -o*r = -3*d - 2*r + 20, 4*d - 2*r - 26 = 0. Calculate the greatest common factor of d and 54.
6
Let z be (63/12)/(2/8). Suppose 2*m - z = -m. Suppose 0 = -4*q - 5*y + 112, -q - 84 = -4*q - 2*y. What is the greatest common factor of q and m?
7
Suppose 25 - 3 = 2*l - 2*v, 2*v = l - 10. Calculate the highest common factor of l and 36.
12
Let a(t) = t**2 - 9*t - 6. Let w be a(10). Suppose -w*h = -z + 97, -2*z = -4*h - 37 - 137. Calculate the highest common factor of z and 7.
7
Suppose -4 = -h - 2. Let u be (-37)/h - 4/(-8). Let b = u - -51. What is the greatest common divisor of b and 11?
11
Suppose -2*j + 5*j = 216. What is the greatest common divisor of 24 and j?
24
Suppose -2*v = -0*v - 18. Suppose 4*p = 3*d - 11 + 125, 62 = 2*p - 4*d. Calculate the highest common divisor of p and v.
9
Let q be ((-63)/2)/((-2)/4). Let y be (4 + -4)/(0 + 1). Suppose 5*n + y*n = 210. What is the highest common divisor of n and q?
21
Let j be (-10)/4*-70 - 2. Suppose 4*r - j = 275. Calculate the greatest common factor of r and 16.
16
Suppose -10*w = -13 - 407. What is the highest common divisor of 6 and w?
6
Let v(n) = 303*n - 1. Let k be v(2). Suppose 4*d - k = s, -3*s - 2*s + 775 = 5*d. Let c = 222 - d. What is the highest common divisor of 10 and c?
10
Let i be (-12)/(-9)*81/6. What is the greatest common factor of i and 162?
18
Let m(c) = -1 + 20*c - 4 + 16*c + 4. Let z be m(1). What is the greatest common factor of z and 7?
7
Let o = 9 - 1. Suppose -5*x + 0*x - 2*c + 50 = 0, 4*x - 23 = -5*c. Calculate the greatest common factor of x and o.
4
Let j(h) = -h**2 + 3*h + 4. Let i be j(3). Suppose -i*l - 21 = -w, w + 4*w - 25 = 4*l. Calculate the greatest common divisor of w and 7.
1
Suppose 12 = 3*s + s. Let w(m) = -m**2 - 13*m. Let g be w(-8). Suppose -4*i = 5*o - 116, -3*o = 2*i - g - 30. What is the greatest common divisor of s and o?
3
Let a be 94 - ((3 - 3) + -4). Suppose 3*f + f = 56. Calculate the greatest common divisor of a and f.
14
Suppose -2*d + 4*d - 88 = 0. What is the greatest common divisor of 4 and d?
4
Let r = 14 - 6. Let g be (-2)/r + 1/4. Suppose -5*q + g*q = -630. Calculate the highest common divisor of 14 and q.
14
Let j = 1 + -1. Suppose j = 5*m - m - 68. What is the greatest common factor of 17 and m?
17
Suppose 0 = -2*x + a + 123, 2*a = -8 + 2. Suppose -v + 5*v - 8 = 0. Suppose -x = -v*d - d. What is the highest common divisor of d and 10?
10
Let z(l) = 4*l**2 - 4*l - 4. Let n be z(-6). Suppose 3*k = -2*y + 157, -5*y +